{"id":996,"date":"2016-08-01T10:23:04","date_gmt":"2016-08-01T08:23:04","guid":{"rendered":"http:\/\/www.strandvejen23.dk\/?page_id=996"},"modified":"2017-07-08T23:36:21","modified_gmt":"2017-07-08T21:36:21","slug":"lite-historia","status":"publish","type":"page","link":"http:\/\/www.strandvejen23.dk\/?page_id=996","title":{"rendered":"Lite historia om L\u00e6s\u00f8"},"content":{"rendered":"<p>Etymologiskt anses L\u00e6s\u00f8 komma fr\u00e5n <a title=\"J\u00e4tte\" href=\"https:\/\/sv.wikipedia.org\/wiki\/J%C3%A4tte\">j\u00e4tten<\/a> <a class=\"mw-redirect\" title=\"Hle\" href=\"https:\/\/sv.wikipedia.org\/wiki\/Hle\">Hl\u00e9<\/a> eller L\u00e4, som enligt <a class=\"mw-redirect\" title=\"Snorre Sturlason\" href=\"https:\/\/sv.wikipedia.org\/wiki\/Snorre_Sturlason\">Snorre Sturlason <\/a>hade sin boning p\u00e5 \u00f6n. I <a title=\"Nordisk mytologi\" href=\"https:\/\/sv.wikipedia.org\/wiki\/Nordisk_mytologi\">nordisk mytologi<\/a> (fr\u00e5n sent 800-tal till cirka 1100 e.Kr.) \u00e4r Hl\u00e9 samma gestalt som <a title=\"\u00c4gir\" href=\"https:\/\/sv.wikipedia.org\/wiki\/%C3%84gir\">\u00c4gir<\/a>. \u00c4gir spekuleras vara densamme som <b>Gymer<\/b> (<i>G\u00fdmir<\/i>), vilket dock tillbakavisas av andra k\u00e4llor. Enligt Snorre Sturlasson ska han bo p\u00e5 <a title=\"L\u00e6s\u00f8\" href=\"https:\/\/sv.wikipedia.org\/wiki\/L%C3%A6s%C3%B8\">L\u00e6s\u00f8<\/a> som har sitt namn efter honom (L\u00e4:s \u00f6).<\/p>\n<p><a title=\"Saltverk\" href=\"http:\/\/www.saltsyderiet.dk\/historien-bag-ls-saltsyderi1\">Saltsjuderiet<\/a> (tillverkning av salt) \u00e4r en nyetablerad attraktion d\u00e4r det gamla hantverket visas upp. P\u00e5 1600-talet hotade den omfattande verksamheten hela L\u00e6s\u00f8, eftersom man eldade upp all skog vid saltsjudningen. En omfattande sandflykt \u00f6delade \u00e5krarna f\u00f6r en hel by \u2013 Hals \u2013 d\u00e4r nu endast en ruin av kyrka \u00e5terst\u00e5r.<\/p>\n<p>L\u00e6s\u00f8 var bland de omr\u00e5den som ingick i de f\u00f6rsta kraven p\u00e5 danska landavtr\u00e4delser till Sverige i de inledande f\u00f6rhandlingarna inf\u00f6r <a title=\"Freden i Roskilde\" href=\"https:\/\/sv.wikipedia.org\/wiki\/Freden_i_Roskilde\">Roskildefreden<\/a> <a title=\"1658\" href=\"https:\/\/sv.wikipedia.org\/wiki\/1658\">1658<\/a>. Detta anspr\u00e5k gavs dock tidigt upp och L\u00e6s\u00f8 f\u00f6rblev danskt.<\/p>\n<p>K\u00e4lla: Wikipedia<\/p>\n","protected":false},"excerpt":{"rendered":"<p>Etymologiskt anses L\u00e6s\u00f8 komma fr\u00e5n j\u00e4tten Hl\u00e9 eller L\u00e4, som enligt Snorre Sturlason hade sin boning p\u00e5 \u00f6n. I nordisk mytologi (fr\u00e5n sent 800-tal till cirka 1100 e.Kr.) \u00e4r Hl\u00e9 samma gestalt som \u00c4gir. \u00c4gir spekuleras vara densamme som Gymer &hellip; <a href=\"http:\/\/www.strandvejen23.dk\/?page_id=996\">L\u00e4s mer <span class=\"meta-nav\">&rarr;<\/span><\/a><\/p>\n","protected":false},"author":3,"featured_media":0,"parent":0,"menu_order":0,"comment_status":"closed","ping_status":"closed","template":"","meta":{"footnotes":""},"class_list":["post-996","page","type-page","status-publish","hentry"],"_links":{"self":[{"href":"http:\/\/www.strandvejen23.dk\/index.php?rest_route=\/wp\/v2\/pages\/996","targetHints":{"allow":["GET"]}}],"collection":[{"href":"http:\/\/www.strandvejen23.dk\/index.php?rest_route=\/wp\/v2\/pages"}],"about":[{"href":"http:\/\/www.strandvejen23.dk\/index.php?rest_route=\/wp\/v2\/types\/page"}],"author":[{"embeddable":true,"href":"http:\/\/www.strandvejen23.dk\/index.php?rest_route=\/wp\/v2\/users\/3"}],"replies":[{"embeddable":true,"href":"http:\/\/www.strandvejen23.dk\/index.php?rest_route=%2Fwp%2Fv2%2Fcomments&post=996"}],"version-history":[{"count":8,"href":"http:\/\/www.strandvejen23.dk\/index.php?rest_route=\/wp\/v2\/pages\/996\/revisions"}],"predecessor-version":[{"id":1236,"href":"http:\/\/www.strandvejen23.dk\/index.php?rest_route=\/wp\/v2\/pages\/996\/revisions\/1236"}],"wp:attachment":[{"href":"http:\/\/www.strandvejen23.dk\/index.php?rest_route=%2Fwp%2Fv2%2Fmedia&parent=996"}],"curies":[{"name":"wp","href":"https:\/\/api.w.org\/{rel}","templated":true}]}}